3*y + c - 1763. Calculate the remainder when y is divided by 46.
35
Suppose 2*g - 19 = 3*g. Let d = g + 23. What is the remainder when 59 is divided by (5 + -6)/(d/(-17))*4?
8
Suppose 0 = 38*v + 12*v - 100. What is the remainder when 27 is divided by v?
1
Suppose 0 = -5*h + 242 + 33. Suppose -328*z = 4*x - 324*z - 60, -51 = -3*x + 3*z. Calculate the remainder when h is divided by x.
7
Let y = 26978 + -26870. Let g = 15 - 5. Calculate the remainder when y is divided by g.
8
Suppose -3*j - 2*w = -j - 152, 96 = j + 5*w. Suppose i = -3*f + 563, i = 2*f - 223 - 149. What is the remainder when j is divided by 34/f - (-520)/44?
11
Suppose 2*o = -b + 4117, -748*o = -744*o - 4*b - 8264. What is the remainder when o is divided by 86?
83
Suppose 951 + 1011 = 4*z + 6*s, -986 = -2*z + 2*s. What is the remainder when 1560 is divided by z?
84
What is the remainder when 2066 is divided by (5/5)/((-2)/(-5) - (-801)/(-2115))?
45
Let t = 992 + -991. Let m be 22/(-5)*(-5 - 0). Suppose t = -h + m. What is the remainder when 80 is divided by h?
17
Suppose 0 = 6*c - 108. Calculate the remainder when -94*3/4*(-12)/c is divided by (-234)/(-14) - 8/(-28).
13
Let k(n) = -6 + n**2 + 328*n - 332*n + 2 + 0. Calculate the remainder when 149 is divided by k(-2).
5
Let g(a) = -6*a**2 + 23*a + 3. Let x be g(4). What is the remainder when (-36)/(-6) + -1 + (x - -181) is divided by 17?
15
Let k = 11511 - 10215. What is the remainder when k is divided by 428?
12
Let i = 9916 - 9815. What is the remainder when i is divided by 16?
5
Let o = -796 + 844. What is the remainder when 764 is divided by o?
44
Let j = 579 - 549. Suppose -1233 = -j*v - 333. Suppose 5*w = -0*w + 440. Calculate the remainder when w is divided by v.
28
Suppose 40*m + 1515 = 11555. Calculate the remainder when m is divided by 68.
47
Suppose 3*w + 5*p = 31, -5*w - 2*p + 28 - 8 = 0. Let s(a) = a**3 - 28*a**2 - 25*a - 93. Calculate the remainder when s(29) is divided by (4/2)/(w/12).
11
Suppose -5*n = -17*n + 2676. What is the remainder when n is divided by (-1)/((-87)/42 - -2)?
13
Let h(v) = v**2 + 6*v - 90. Let y be h(-24). Suppose -2*x + 4*u - u + y = 0, -2*u = -4*x + 676. Calculate the remainder when x is divided by 19.
16
Let a(x) = -x**3 + 10*x**2 + 33*x - 71. Suppose -10 = -3*j + 2*u, 2*u + 16 = 4*j + 4. What is the remainder when j/14 - (-11325)/105 is divided by a(12)?
34
Let t(r) = -8 + 4*r - 6*r + 24 + 3*r - 8*r**2. Let v be t(-4). What is the remainder when 3*v/30*(-5)/1 is divided by 4?
2
Suppose -2*k - 297 = -5*m - k, -3*k + 9 = 0. Let i be m/6 + (-1)/1. What is the remainder when (-4563)/(-45) + i/15 is divided by 35?
32
Let k(n) = 6*n + 93. Calculate the remainder when 596 is divided by k(16).
29
Suppose -3*n - 479 = -4*g, -742*g - 3*n - 360 = -745*g. What is the remainder when 245 is divided by g?
7
Let l = -920 - -952. Let m = 115 - -44. Calculate the remainder when m is divided by l.
31
Let l(t) = 29*t + 153. Let q be l(8). Suppose -5*p - j = -q, 3*j - 395 = -0*p - 5*p. What is the remainder when p is divided by 30?
16
Let k(m) = m + 29. Let z be -3 - -1 - (0 - 0) - -5. Suppose z*y + 3 = -4*r, -y - r = -0*y. Calculate the remainder when k(-20) is divided by y.
0
Suppose -461108 = -19*q + 40*q - 38*q. What is the remainder when q is divided by 31?
30
Suppose 3627 = -f - 8*f. Let x = 287 + f. Let u = -67 - x. What is the remainder when u is divided by 18?
13
Let n(u) = -41*u + 3. Calculate the remainder when n(-3) is divided by 27776/(-320) + 88 + 718/10.
53
Let m = 223 + -222. What is the remainder when (32304/(-96))/(2/(-4)*m) is divided by 75?
73
Let b(w) = w**2 - 71*w - 2808. Calculate the remainder when 487 is divided by b(100).
27
Let g = 1832 + -886. Let b = 1495 - g. Suppose -i + b = 8*i. Calculate the remainder when i is divided by 8.
5
Suppose q + 4*q - 25 = 0. Suppose -4*f - 36 = -2*w + f, 0 = 4*w - 2*f - 104. Calculate the remainder when 69 is divided by w/(6/(q - 2)).
13
Let w = 6290 - 5982. Calculate the remainder when 1018 is divided by w.
94
Let k(s) = s**3 + 8*s**2 + 8*s + 16. What is the remainder when 796 is divided by k(-6)?
36
Suppose 2*q - 2198 = 6286. Suppose 2*g + q = 44*g. What is the remainder when g is divided by (3/6)/(1/68)?
33
Suppose 0 = -27*q + 37*q - 680 - 5230. What is the remainder when q is divided by 149?
144
Let i = 0 + 1. Let h(l) = -l**2 - 47*l - 522. What is the remainder when h(-26) is divided by (8 + i)*(-2)/(-6)?
0
Let i = 112 + -58. Suppose 0 = 9*k - 230 - 310. What is the remainder when i is divided by (-97)/(-5) + -11 + 636/k?
16
Let t(z) = 480*z + 531. What is the remainder when 4129 is divided by t(-1)?
49
Let r(l) = 3*l - 3. Let w be r(2). Suppose 12*d = w*d + 81. Calculate the remainder when 25 is divided by d.
7
Let a(r) = r**3 - 3*r**2 - 4*r + 4. Let y be a(4). Suppose -2*u + 5*d = -34, u - 6*d + y*d - 15 = 0. Calculate the remainder when 137 is divided by u.
4
Let o be (-184)/(-24)*(3 + 0). Suppose -3*s - o + 11 = 0. What is the remainder when 77 is divided by (-17 - (-12)/s)*-2?
37
Suppose -r + 32 = u, -r + 114 = 4*u - 4*r. Let k = 87 - u. What is the remainder when 339 is divided by k?
54
Let f = 32 - 34. Let i be (f - -1)/(7/(-21)). Suppose -6*l = -i*l - 96. Calculate the remainder when l is divided by 17.
15
What is the remainder when 3058 is divided by (186/(-18) + 17 - 14/2)*-399?
132
Let j = -377 - -449. Calculate the remainder when (154/(-4))/((-36)/j) is divided by 29.
19
What is the remainder when (-256 - -257) + 0 + 797 is divided by 35?
28
Suppose 0 = 5*z - 4*m - 54, -2*m + 2 + 6 = 0. Let x be 3 - 2 - z/(-7). Suppose -x*n + n = -96. What is the remainder when n is divided by 25?
23
Let n(a) = 3*a**3 + a**2 + 4*a + 10. Let t = -150 + 153. Calculate the remainder when n(t) is divided by 9.
4
Let q = 209 + -198. Calculate the remainder when 34 is divided by -4*26/(-4) - (q - 7).
12
What is the remainder when 13514 is divided by 19/(-9) - (-36)/324 - (-110 - 1)?
107
Let f be (7 + -5)*(29 - -5). Let l = -56 + f. What is the remainder when 94 is divided by l?
10
Suppose -54*g + 1648 - 1339 = -1149. Suppose 0*n - 45 = -3*n. Let a = n + -1. Calculate the remainder when g is divided by a.
13
Suppose -56502 - 125225 = -91*k. Calculate the remainder when k is divided by 493.
25
Suppose 7*y = -480 + 74. Let s = y - -74. Suppose w + 20 = 4*h, 4*h + w - 3*w = s. What is the remainder when 38 is divided by h?
2
Let d(r) = -r**3 + 3*r**2 + 5*r + 6. Suppose -539*j - 285 = -542*j. What is the remainder when j is divided by d(-2)?
15
Let z(n) = n**3 + 19*n**2 + 3*n + 641. What is the remainder when 549 is divided by z(-20)?
6
Suppose 0 = 10*t - 36 - 14. Calculate the remainder when 85 is divided by ((-22)/t)/(8/(-40)).
19
Let h(w) = -15*w + 112. What is the remainder when h(2) is divided by 61?
21
Let m = 5290 + -5080. What is the remainder when 223 is divided by m?
13
Let f(r) = r**2 + 9*r + 18. Let n be f(-7). What is the remainder when (-7)/((-7)/n) + 65 is divided by 37?
32
Let m = -394 - -595. Let q = m - 118. Let y = -22 + q. What is the remainder when y is divided by 16?
13
Let u = -36753 - -36934. What is the remainder when u is divided by 110?
71
Suppose 0 = -9*k - 28 - 17. Suppose -3*r + 12 + 12 = 0. What is the remainder when -53*(-1)/(k*(-3)/15) is divided by r?
5
What is the remainder when 345 is divided by 5 + -1 + 1 + -44 + (-53 - -114)?
15
Suppose 3 = -c + 3*t + 49, -5*c = -t - 160. What is the remainder when 1183 is divided by c?
5
Suppose 2*o - 21 = -3*l, o = 4*l + 3 - 31. Suppose -l*x = -4*x - 24. Suppose 466 + 164 = 9*b. What is the remainder when b is divided by x?
6
Let p be 5/(25/382)*(-5)/(-2). Let b = 279 - p. Let d = -25 - -48. Calculate the remainder when b is divided by d.
19
Let o = -263 - -276. Suppose 4*v + 5*t - 11 = 0, 35 = 3*v + t + o. Calculate the remainder when 104 is divided by v.
5
Let b = 41 + 13. Let u(o) = o**3 - 17*o**2 + 63*o - 282. Calculate the remainder when u(15) is divided by b.
51
Let r(x) = -532*x - 3392. What is the remainder when r(-7) is divided by 6?
2
Suppose -91*m + 1640 = -87*m - k, -2*m + 5*k + 802 = 0. Calculate the remainder when m is divided by 36.
15
Suppose -z - 5*f + 2 + 1 = 0, -2*z + 6 = 5*f. Calculate the remainder when 111 is divided by -3 + (1 - -34) - (0 + z).
24
Calculate the 